 2. Suppose 6*l = 3*l + 6. What is the remainder when (9/(-12))/(-3)*112 is divided by t(l)?
8
Let z(b) = 7*b**2 - 17*b + 4. Let t be z(3). Let w be 2/(-2 - -3)*4. Let x = w + t. What is the remainder when x is divided by 9?
6
Suppose 4*s - 348 = 2*v, v - 5*v = -5*s + 711. Let c = v - -271. Calculate the remainder when c is divided by 45.
42
Let n(b) = -b**2 + 13*b - 13. Let w be n(11). Let s(l) = -l**2 + 14*l - 19. Let d = 10 + 65. What is the remainder when d is divided by s(w)?
23
Suppose 0 = 3*b - 9, -k - b - 3 = -0*k. Let d be (-65)/(-52) + k/(-8). Suppose -4*j + 14 = -d*o, 1 = -2*j - o + 6. What is the remainder when 3 is divided by j?
0
What is the remainder when 369 is divided by (-8)/(-40) + (-1)/((-10)/118)?
9
Suppose 169*f + 2345 = 174*f. Calculate the remainder when f is divided by 120.
109
Let f = -721 + 747. What is the remainder when 151 is divided by f?
21
Let g = 159 - 128. Suppose 217 = 17*a + 30. Calculate the remainder when g is divided by a.
9
Let r = 11163 - 11091. Let z(c) = -3*c - 2. Calculate the remainder when r is divided by z(-5).
7
Let z = -15 - -36. Suppose -26*p + 30*p - 412 = 0. What is the remainder when p is divided by z?
19
Suppose 3*b - 46 = 4*z + 17, -2*b = -2*z - 34. Suppose -t + f + 11 = 2*f, -3*f - 17 = -2*t. Calculate the remainder when 36 - (z/4 - 0) is divided by t.
9
Let c(w) = w**2 + 19*w + 19. Let p be c(-17). Let n = -3 - p. Calculate the remainder when 46 is divided by n.
10
Let r = 431 + -299. Let m = -9 + 5. What is the remainder when 53 is divided by (-6)/m*r/18?
9
Let v be 10/65 - 150/(-39). Suppose -v*q = -104 - 40. Suppose -q = 9*r - 11*r. What is the remainder when r is divided by 7?
4
Suppose 5*m + 5*c - 67 = 3*m, 5*c - 160 = -5*m. Suppose 6 - 462 = -3*b. What is the remainder when b is divided by m?
28
Let z be ((-6)/(-4) + -1)*2. Suppose u = -z + 7. Suppose 2*d = -d + u. What is the remainder when d is divided by 1?
0
Let q(c) = 59*c + 329. Let w = 63 - -4. Calculate the remainder when w is divided by q(-5).
33
Suppose -95 - 3 = -u + y, u - 102 = -3*y. Calculate the remainder when 184 is divided by u.
85
Let d = 212 - 188. What is the remainder when d is divided by 12?
0
Suppose -7*b - 49 = -161. Let d = 18 + b. Calculate the remainder when d is divided by 15.
4
Suppose -23*x = 10*x - 1353. What is the remainder when 78 is divided by x?
37
Let v be 0 + 0 + -2 + 17. Let w = 17 - v. Calculate the remainder when w is divided by 1 - 6 - 21/(-3).
0
Suppose 2*j + 2*j - 5*b = 65, 68 = 4*j - 4*b. Suppose -2*s - j = -12*s. Let r = 15 - 9. What is the remainder when r is divided by s?
0
Suppose 19*f - 24*f = -120. Suppose -u - 3*u = -44. Calculate the remainder when u is divided by (-2 + 1)/((-8)/f).
2
Let h be 136/20*(0 - -25). Let z = -41 + h. What is the remainder when z is divided by 22?
19
Let g(i) = 8*i - 1 - 2*i + 1 + i**2. Let k be g(-6). Suppose 0 = 5*o - k*o - 25. What is the remainder when 13 is divided by o?
3
Suppose -5*m + m - 3*b = 39, 0 = -3*m - 4*b - 38. Let f(w) = w**2 + 5*w. Suppose -3*s = -s - 22. Calculate the remainder when s is divided by f(m).
5
Let h(w) = w**2 - 2*w + 26. Suppose i = -2, 140 = 2*g + 5*i - 0*i. Calculate the remainder when g is divided by h(0).
23
Let p(t) = 4*t - 12. Let f(k) = k - 4. Let c be f(8). What is the remainder when p(c) is divided by 4?
0
Let x(q) = -2*q**2 - 5*q + 3. Let i be x(-5). Calculate the remainder when i/(-55) - 296/(-10) is divided by (-2)/(-10) - (-108)/10.
8
Let l(u) = -22*u - 2*u**2 + 6*u - 11 - 5*u. Calculate the remainder when l(-9) is divided by 6.
4
Let v = 5088 + -5078. Calculate the remainder when (2/4)/((-1)/(-58)) is divided by v.
9
Let v be (-2)/(-2) - -2*1. Let h(y) = y**3 - 2*y**2 + y + 3. Let d = -8 + 16. Calculate the remainder when h(v) is divided by d.
7
Let u(j) = 8*j**2 + j. Suppose 12*x - 242 = -38. What is the remainder when x is divided by u(1)?
8
Let p(n) = -6*n + 4. Let v be p(19). Let x = -87 - v. Calculate the remainder when 88 is divided by x.
19
Let p = 1292 + -1283. Let v = -59 - -83. What is the remainder when v is divided by p?
6
Let s = 1104 - 466. Suppose -11*q + 0*q = -s. What is the remainder when q is divided by 15?
13
Let o be (-4)/6*(-9 + 0). Let d(u) = 2*u**2 - 10*u - 9. Suppose 3*m - 2 = -z + 2, 5*m = 5*z + 40. Calculate the remainder when m is divided by d(o).
0
Suppose 3*r + 237 = 5*r + 3*m, 0 = -3*r + 5*m + 365. Calculate the remainder when r is divided by 53.
14
Suppose 0 = -9*j + 5*j + 3*q + 129, -3*j - 5*q = -75. Calculate the remainder when 89 is divided by j.
29
Let g(q) = 25*q**2 - 8*q - 4. What is the remainder when g(-2) is divided by 19?
17
Let v = 245 - 103. Suppose 4*l - v = 198. What is the remainder when l is divided by 22?
19
Suppose 0 = 4*b - r - 196, 0 = -4*b - 3*b - r + 332. Calculate the remainder when b is divided by 26.
22
Let q = 134 + -139. What is the remainder when 80/(-6)*(-8 - q) is divided by 8?
0
Suppose 0*y = -2*y + 2*u + 134, -y - 4*u = -62. Suppose m + 36 = 2*r, -r - 3*r = m - y. Calculate the remainder when 30 is divided by r.
13
Let l be (50/(-1))/(-5) - (0 + 0). Suppose 2338 = l*v - 1332. What is the remainder when v is divided by 37?
34
Suppose -17*k + 3200 = -3804. Calculate the remainder when k is divided by 18.
16
Suppose 6*d + 234 - 810 = 0. What is the remainder when d is divided by 20?
16
Let r(h) = -h**3 + 33*h**2 + 10*h - 35. Calculate the remainder when r(33) is divided by 27.
25
Suppose 0 = -14*w + 5 + 1017. What is the remainder when w is divided by 13?
8
Suppose 2*b = 5*a - 101, -a = -0*b - 5*b - 11. Let r(l) = -l**3 + 21*l**2 + 3*l - 49. What is the remainder when 41 is divided by r(a)?
13
Suppose -4*d - 5*y = -467, -3*d - 59 = 2*y - 418. Calculate the remainder when d is divided by 53.
17
Suppose 3*h = -d - 62 - 25, 93 = -3*h - 3*d. Let j = -24 - h. What is the remainder when 15 is divided by j?
3
Let s(x) = -x**3 + x**2 - 4*x + 2. Let v be s(2). Let t = v - -28. Calculate the remainder when t is divided by 8.
2
Suppose 0 = 4*p + p. Suppose 4*l = -p*l. Suppose -7 + l = -z. Calculate the remainder when 13 is divided by z.
6
Let a(n) = n**2 + 26*n + 128. What is the remainder when 297 is divided by a(-21)?
21
Let v = -93 - -204. Suppose -2*z = 2*w - 60, -5*z + 8*z - 3*w - 84 = 0. Calculate the remainder when v is divided by z.
24
What is the remainder when 27 + (-12)/102 + (-57)/(-51) is divided by 18?
10
Let q(a) be the first derivative of a**4/4 + 17*a**3/3 - a**2/2 - 11*a + 52. What is the remainder when 17 is divided by q(-17)?
5
Suppose -5*o + 2*w = -10, 9*w + 25 = 4*o + 4*w. Suppose -2*k + 7 + 11 = o. What is the remainder when 24 is divided by k?
6
What is the remainder when 25 is divided by 4 + 86/8 + 45/36?
9
Let c(g) = g**3 - 5*g**2 - 7. Suppose 0 = 4*l - 16 - 8. Calculate the remainder when c(l) is divided by 6 + 2/(-2)*-4.
9
Suppose -13*h + 232 + 548 = 0. Calculate the remainder when 478 is divided by h.
58
Suppose m + 52*a - 99 = 49*a, m = a + 83. What is the remainder when 160 is divided by m?
73
Let j(y) = -10*y - 60. Let g be j(-14). Calculate the remainder when 66 is divided by (-48)/g + (-186)/(-10).
12
Let m = 722 - 553. What is the remainder when m is divided by 51?
16
Let p(j) = 2*j - 6. Let q be p(5). What is the remainder when ((-39)/q)/(3/(-12)) is divided by 14?
11
Suppose z - 56 = -3*u, -z + 5*z + 23 = u. Calculate the remainder when u is divided by 9.
1
Calculate the remainder when (-7980)/(-76) + (-22)/(-2) is divided by 42.
32
Let h = -3116 + 3137. Suppose 250 + 977 = 3*o. Suppose -5*s = -4*f - o, -s + 4*f + 2 + 83 = 0. What is the remainder when s is divided by h?
18
Let h = 12 - 9. Suppose 4*z = h*l - 34, -3*l = -z - 0*z - 22. Suppose 0 = 4*x - 6*x + l. What is the remainder when x is divided by 2?
1
Let u = -67 - -144. Calculate the remainder when u is divided by 5.
2
Let t(x) = x**3 + 3. Let j be t(0). Suppose -6*l + l - 18 = -r, -124 = -j*r + l. Suppose 50 + 25 = 5*z. What is the remainder when r is divided by z?
13
Suppose 22*n + 1580 = 7872. Calculate the remainder when n is divided by 48.
46
Let o(l) be the third derivative of l**5/60 - l**4/4 + 5*l**3/2 - 20*l**2. What is the remainder when 40 is divided by o(6)?
10
Let o = -493 - -835. Calculate the remainder when o is divided by 22.
12
Suppose 11*r =